- 123, a + 1 = 0. Calculate the highest common factor of 11 and m.
11
Let m(b) = b**2 - 5*b + 4. Let u be m(5). Let c(o) = 4*o. Let y be c(-4). Let f be 10/4*y/(-10). What is the greatest common divisor of u and f?
4
Let p(i) = i - 2. Let x be p(3). Let t be (0/(x - -3))/1. Let w = t - -9. What is the highest common divisor of 72 and w?
9
Suppose 12*x - 6 = 13*x - 5*w, -4*x - 5*w = -76. What is the greatest common factor of x and 126?
14
Let s = 13 - -11. Suppose 4*l = -0 + s. What is the highest common factor of 30 and l?
6
Let l be 2/(-4)*(0 - 0). Suppose 2*i - 26 = -0*i. Let c be i + (-2 - -3 - l). Calculate the highest common divisor of 28 and c.
14
Suppose -12*v = -49*v + 62752. What is the greatest common divisor of v and 32?
32
Let d = 165 + -54. Let y = d - 76. Calculate the greatest common divisor of 7 and y.
7
Suppose -w - 4*g - 40 = -154, 3*g - 378 = -3*w. What is the greatest common factor of 13 and w?
13
Let q(t) = -t + 26. Suppose -4*i = -45 + 61. Let s be q(i). Calculate the greatest common divisor of 6 and s.
6
Suppose -5*x = 4*k - 31, 3*k + 27 = 3*x + 3. Suppose 4*l + 34 = -2*h + 42, -2*h + 4*l + 48 = 0. Calculate the greatest common divisor of x and h.
7
Let z = -244 - 71. Let d = z - -524. Let v(k) = 2*k**2 + k - 2. Let y be v(3). What is the greatest common factor of y and d?
19
Let z(r) = 14*r**2 + 238*r + 10. Let t be z(-17). What is the highest common factor of 32 and t?
2
Let h = -8 + 17. Let a be 21/((-1)/(-6)*h). What is the highest common divisor of 98 and a?
14
Let z be -14*(-75)/40 - 3/(-4). Calculate the highest common factor of z and 18.
9
Let n(m) = -29*m. Let p be n(-5). Let y(w) = 27*w + 4. Let l be y(2). What is the greatest common divisor of p and l?
29
Let h = 356 + 666. Suppose r + h = 3*w, 3*r + 1165 - 145 = 3*w. What is the greatest common divisor of w and 31?
31
Let t(i) = -i - 1. Let q be t(-5). Let z = 8 + q. What is the highest common divisor of 24 and z?
12
Let d = -58 - -82. Let h = -14 + 39. Suppose 0 = 4*j - 4, 5*j - h = 3*m - 308. What is the greatest common divisor of m and d?
24
Suppose -20*q = -6*q - 210. Let i be 1 - (2 + (1 - 7)). Let o be (i*-3)/(3 + -4). What is the highest common factor of q and o?
15
Let r(g) = -24*g + 10. Let i be r(0). Calculate the greatest common factor of 230 and i.
10
Let a = -2222 - -2240. Calculate the highest common factor of a and 1206.
18
Let i = 0 + 14. Let h be (33/(-4))/(6/(-112)). What is the greatest common factor of h and i?
14
Let r be (3/9*-67)/(6/(-18)). What is the highest common divisor of r and 335?
67
Let q = -563 + 829. Calculate the highest common divisor of q and 14.
14
Let t = 1777 - 1776. Suppose 5*q - 1 = 4. Calculate the highest common divisor of t and q.
1
Suppose -3*z = -4*b + 3, b + 4*z = 6*b - 4. Suppose 111 = 3*h + 2*c - 3, b = 3*h - 3*c - 99. Calculate the highest common factor of h and 4.
4
Let h(l) = l**3 + 7*l**2 - 11*l - 20. Let x be h(-5). What is the greatest common divisor of x and 119?
17
Suppose 0 = 2*g + 1 - 11. Let j be (8/g)/(-1)*-5. What is the highest common factor of j and 8?
8
Let i be (2 - -8)/(-3 + (-14)/(-4)). What is the greatest common divisor of 270 and i?
10
Suppose -5 = -2*d + 5*b - 4, 5*d + 6 = 4*b. Let s = d + 4. Suppose -s*j + 6*j - 576 = 0. Calculate the greatest common factor of 16 and j.
16
Let x be ((-78)/(-12) - 4)*2. Suppose -x*h = 2*h - 1225. Calculate the greatest common divisor of h and 50.
25
Let n(m) = -7*m - 17. Let y be n(-15). Suppose -k - y + 223 = 0. What is the highest common divisor of 54 and k?
27
Let f = 0 + 0. Suppose 3*h + 4*w = 74, -6*h = -7*h - 4*w + 14. Let q be (h + f + 2)*1. Calculate the greatest common divisor of q and 64.
32
Let u be (176/(-10))/1 + 14/(-35). Let n be (-102 + 0)*9/u. What is the greatest common divisor of 17 and n?
17
Suppose 3*y = -f + 18529 - 2161, y + 3*f = 5456. Let w be y/136 - (-2)/(-17). Calculate the highest common divisor of w and 20.
20
Let q = -185 - -207. What is the highest common divisor of 462 and q?
22
Suppose -40 = -a + 83. What is the greatest common divisor of a and 3?
3
Suppose -4*a = a - k - 135, 0 = -2*k. Let b be 144/10 + a/45. Calculate the greatest common divisor of 6 and b.
3
Suppose 3*z - 15 = 3*j, -4*j - 2*z + 7*z - 23 = 0. Let h be j/5 - (-49)/35. What is the greatest common divisor of h and 2?
1
Let p be 478 - (4 + (-17)/(17/6)). Calculate the greatest common divisor of p and 75.
15
Let i = 37 + -36. Let g be 19 + (-5 - (-3 + i)). Let t be 2 + 20 + g/(-8). What is the greatest common divisor of t and 4?
4
Let p(j) = 21 + 2*j - 8 - 5 - 2. Let q be p(-3). Suppose 0*g + 3*g = 4*d + 30, -3*d = q. What is the greatest common factor of g and 40?
10
Let o(f) = -f**3 - 8*f**2 - f. Let s be o(-8). Suppose m - 5*m + s = 0. Let v be -18*3*(m - 3). What is the highest common factor of 18 and v?
18
Let l(z) = z**2 + 19*z + 37. Let r be l(-19). Suppose -m + 86 = -25. What is the highest common factor of r and m?
37
Suppose -5*c - 341 = -4*c. Let u be c/(-5) - (-1)/(-5). Suppose 3*b - 49 = u. Calculate the greatest common factor of b and 26.
13
Let d(x) = 2*x**2 - 6*x - 40. Let q be d(7). Calculate the highest common divisor of q and 136.
8
Let x = -1091 + 1136. What is the greatest common factor of x and 255?
15
Let j = -4 + 9. Suppose 4*l - 4 = -0, -2*l = j*a - 322. Let m(x) = -x**2 - 22*x - 21. Let n be m(-9). Calculate the greatest common divisor of n and a.
32
Let l(n) = -n. Let k be 2/15 + (-17)/15. Let j(o) = 3. Let q(t) = k*j(t) - 2*l(t). Let p be q(5). Calculate the greatest common divisor of p and 28.
7
Suppose 0 = -4*v + 2*w + 1440, -v + 4*w - 2*w = -360. Suppose -17*a = -13*a - v. What is the greatest common divisor of 18 and a?
18
Let n(w) = -2*w**2 + 12. Let p(m) = 2*m**2 - 2*m - 12. Let a(y) = -3*n(y) - 2*p(y). Let b be a(-5). Calculate the greatest common factor of 2 and b.
2
Let l = -12 + 4. Let f be 2*1 + 18/(-18). Let x be (-11 - l) + f*18. Calculate the highest common factor of x and 15.
15
Suppose -3*h + 2*k = -132 - 218, -4*k + 260 = 2*h. Calculate the greatest common divisor of 920 and h.
40
Let c(d) = d**3 + 22*d**2 + 51*d - 63. Let n be c(-19). Suppose 3*v - 5*t = 71, -6*v + 5*t + 88 = -2*v. What is the greatest common divisor of n and v?
17
Suppose -3*l = 15, 3*n - 5*l - 33 = -n. Suppose 0*o - 2*m - 2 = n*o, 2*o - 10 = m. Let s be 4 + (3 - -1) + o. Calculate the highest common factor of 11 and s.
11
Let f = 0 - -1. Let w be ((-1)/f)/(2/(-6)). Let k be (4 + -2)*9/6. What is the greatest common divisor of k and w?
3
Let s(a) = -2 + 3 + 1 + 2*a**2 - 34*a + 5*a. Let b be s(21). What is the highest common factor of 25 and b?
25
Suppose -13*r + 10*r + 327 = 5*l, -3*r = 3. Let y(m) = -m + 3*m + 1 - 37*m**3 - 63*m**3. Let s be y(-1). Calculate the highest common factor of s and l.
33
Suppose 4*h = -o + 3, 0*o + 28 = o - h. Suppose -15*a = -o*a + 24. What is the highest common divisor of a and 69?
3
Let b = -12 - -154. Let o = 230 - b. Calculate the greatest common factor of 11 and o.
11
Suppose 52 = 4*r - 4. Suppose -6*z + 64 = -692. Calculate the greatest common divisor of r and z.
14
Let s = 249 + -208. What is the highest common factor of s and 41?
41
Suppose -5*q + 5*g + 225 + 150 = 0, 3*q - g = 215. Calculate the greatest common factor of 280 and q.
70
Suppose m + 84 = -p + 6*p, 2*m + 88 = 5*p. Suppose -i = 3*i + p, -5*c + 89 = -i. What is the highest common divisor of c and 17?
17
Let p be 121 - -2*2/(-4). Let r be ((-3)/6)/((-25)/(-10) + -2). Let t be (2 - -1) + 6*(r - -3). Calculate the highest common divisor of t and p.
15
Let r(v) = 39*v - 56. Let f be r(4). What is the highest common factor of f and 25?
25
Suppose 28 = -170*q + 171*q. What is the highest common factor of 98 and q?
14
Let j = -3310 + 3324. Let v = -276 + 388. What is the greatest common factor of j and v?
14
Suppose 581 = 64*h + 279 - 466. Let c = -49 + 102. Suppose 3*k + 2*b = 18, 16 = -5*k - b + c. Calculate the greatest common divisor of k and h.
4
Let o(g) = 2*g**2 - g + 3. Let c be o(6). Suppose -5*h + 91 = -c. Calculate the highest common factor of h and 4.
4
Suppose -257 = -9*u + 319. Calculate the greatest common divisor of u and 4.
4
Suppose 0 = 5*y - 2361 - 334. Let b be 2/(-4)*((-7644)/(-6))/(-13). What is the highest common divisor of 